= 96*i + 19. Determine v(-2).
-173
Let v(z) = z**3 + z**2 - 9*z - 4. Give v(-5).
-59
Let o(p) = -p**3 + 32*p**2 - 86*p + 7. Determine o(3).
10
Let z(l) = -7*l**3 - 984*l**2 - 561*l - 133. What is z(-140)?
7
Let k(m) = -m**3 - 11*m**2 - 22*m - 31. Determine k(-9).
5
Let o(k) = -k**2 + 33*k + 1527. Calculate o(58).
77
Let p(j) = -4*j**2 + 94*j + 25. What is p(23)?
71
Let m(d) = -8*d**2 - 791*d + 70. What is m(-99)?
-29
Let j(t) = -65*t - 161. What is j(3)?
-356
Let h(s) = 24*s + 165. Give h(-8).
-27
Let g(c) = -2*c**3 - 116*c**2 - 868*c + 132. What is g(-9)?
6
Let d(r) = r**2 - 33*r + 252. Give d(21).
0
Let q(l) = l**3 + 30*l**2 + 46*l + 106. What is q(-29)?
-387
Let j(y) = 2*y**2 - 47*y - 51. Give j(28).
201
Let u(v) = -50*v - 2951. What is u(-65)?
299
Let h(k) = -k**2 + 12*k - 87. Calculate h(11).
-76
Let p(n) = n**2 - 2*n - 3261. What is p(58)?
-13
Let s(k) = 120*k + 1940. Give s(-16).
20
Let a(o) = o**3 - 69*o**2 + 130*o + 291. What is a(67)?
23
Let q(m) = -15*m**3 + 25*m**2 + 10*m - 11. Give q(2).
-11
Let c(a) = -8*a - 365. Give c(-51).
43
Let f(w) = -15184*w + 151842. Calculate f(10).
2
Let r(p) = -p**3 - 41*p**2 + 43*p + 13. Give r(-42).
-29
Let k(x) = -x**2 + 8*x + 4214. What is k(-61)?
5
Let h(u) = u**3 + 14*u**2 + 4*u - 81. What is h(-12)?
159
Let f(o) = -2*o**2 + 130*o - 1016. Give f(61).
-528
Let j(q) = q**3 - 39*q**2 + 302*q + 178. What is j(28)?
10
Let t(a) = -a**3 - 31*a**2 - 8*a + 55. Calculate t(-30).
-605
Let k(t) = t**2 + 223*t + 9983. Determine k(-161).
1
Let k(m) = 5792*m - 17373. Calculate k(3).
3
Let c(b) = -11*b**2 + 236*b - 77. Give c(21).
28
Let w(q) = 4*q**3 - q - 274. Give w(0).
-274
Let g(v) = v**3 + 8*v**2 - 2*v - 19. Calculate g(-6).
65
Let z(o) = 3*o**3 + 183*o**2 - 13*o - 805. What is z(-61)?
-12
Let d(x) = -3*x**3 - 55*x**2 - 111*x + 31. Calculate d(-16).
15
Let p(m) = 31*m + 34. Calculate p(-4).
-90
Let z(y) = -598*y + 254. What is z(0)?
254
Let s(p) = 108*p**2 - 8*p - 9. What is s(-1)?
107
Let r(d) = -d**2 + 64*d - 364. Determine r(57).
35
Let t(n) = 3*n**3 - 34*n**2 + 89*n + 15. Calculate t(7).
1
Let f(k) = -k**3 + 7*k**2 + 44*k - 200. What is f(10)?
-60
Let z(i) = 87*i - 87. Determine z(2).
87
Let f(p) = -28*p**2 + 34*p + 2. What is f(2)?
-42
Let r(a) = -a - 51. What is r(-22)?
-29
Let x(w) = -w**3 - 4*w**2 + 54*w - 24. Calculate x(5).
21
Let a(n) = -8*n**2 + 211*n + 428. Determine a(-2).
-26
Let i(b) = 2*b**2 + 65*b - 959. Calculate i(-44).
53
Let r(f) = 101*f - 879. Calculate r(9).
30
Let y(o) = 11*o + 353. What is y(-19)?
144
Let z(g) = -2*g**2 + 261*g - 1281. Determine z(5).
-26
Let g(v) = -2*v**2 + 13*v - 2. Give g(-2).
-36
Let j(c) = c**2 + c - 130. What is j(-11)?
-20
Let l(x) = -131*x - 809. What is l(-6)?
-23
Let o(b) = 125*b + 10918. Determine o(-88).
-82
Let f(z) = 15*z + 896. Give f(-50).
146
Let i(a) = a**3 + 67*a**2 - 69*a + 8. What is i(-68)?
76
Let u(l) = -14*l**2 + 788*l + 586. Determine u(57).
16
Let w(z) = -z**2 + 13749*z - 27496. What is w(2)?
-2
Let v(w) = -w**3 - 37*w**2 + 18*w - 732. Calculate v(-38).
28
Let o(n) = -n**3 + 34*n**2 - 187*n - 47. Give o(27).
7
Let f(x) = -2*x**3 + 13*x**2 + 5*x - 116. Calculate f(9).
-476
Let o(y) = -14*y - 34. What is o(-5)?
36
Let o(u) = 141*u - 1339. Determine o(10).
71
Let l(j) = j**2 + 8*j - 13. Determine l(-21).
260
Let t(k) = -970*k + 4745. Calculate t(5).
-105
Let i(u) = 40*u - 2746. Determine i(70).
54
Let b(i) = i**3 + 59*i**2 + 223*i + 124. What is b(-55)?
-41
Let g(d) = -d**3 - 38*d**2 + 128*d + 89. What is g(-41)?
-116
Let g(o) = 2*o**2 + 112*o - 892. What is g(-63)?
-10
Let j(y) = -4*y**3 + 31*y**2 + 18*y - 79. Calculate j(10).
-799
Let i(n) = 4*n**2 + 20*n + 365. Determine i(-11).
629
Let p(w) = w**2 + 598*w - 8575. What is p(14)?
-7
Let w(z) = -2*z**2 + 28*z + 130. What is w(17)?
28
Let l(p) = 6*p**2 - 78*p + 250. Give l(6).
-2
Let j(y) = 13*y - 324. Determine j(7).
-233
Let g(y) = -y**3 - 77*y**2 - 420*y + 335. Calculate g(-71).
-91
Let g(p) = -12*p**2 - 6*p + 11. Give g(2).
-49
Let i(d) = -d**3 - 99*d**2 - 293*d - 480. Determine i(-96).
0
Let l(j) = 10*j**2 - 125*j - 1931. Give l(-9).
4
Let b(c) = -299*c + 2078. Determine b(7).
-15
Let w(b) = -134*b**2 - 9*b - 8. Calculate w(-1).
-133
Let r(j) = 5167*j - 15483. What is r(3)?
18
Let j(x) = -19*x**3 - 7*x**2 + 4*x + 13. Give j(-3).
451
Let f(d) = 179*d**2 + 6446*d + 78. Calculate f(-36).
6
Let x(w) = 44*w + 67. Calculate x(-1).
23
Let q(s) = 20*s**2 - 222*s + 52. Give q(11).
30
Let a(o) = 4*o**3 - 763*o**2 - 183*o - 1536. What is a(191)?
-8
Let x(f) = f**3 + 50*f**2 - 46*f + 84. Calculate x(-51).
-171
Let j(n) = -4*n**3 - 55*n**2 + 145*n + 32. Calculate j(-16).
16
Let p(f) = -2*f**3 + 17*f**2 - 22*f - 16. Calculate p(3).
17
Let i(z) = 2*z**3 - 21*z**2 + 14*z + 47. What is i(10)?
87
Let g(r) = -r**3 - 271*r**2 - 1590*r - 14. Determine g(-6).
-14
Let t(d) = 20*d - 170. Give t(12).
70
Let k(v) = -v**3 - 4*v**2 + 37*v + 69. Determine k(-2).
-13
Let f(v) = v**2 + 16*v + 35. Give f(-6).
-25
Let v(o) = o**3 - 7*o**2 - 21*o - 33. What is v(10)?
57
Let s(b) = -9*b**2 - 252*b + 4. Calculate s(-28).
4
Let w(b) = b**3 - 56*b**2 + 53*b + 119. Give w(55).
9
Let x(j) = -j**2 + 7*j + 312. What is x(20)?
52
Let n(f) = -8*f - 18. Determine n(-21).
150
Let o(n) = -104*n - 14. What is o(-1)?
90
Let q(c) = c - 153. What is q(34)?
-119
Let j(l) = 370*l. Determine j(0).
0
Let n(j) = 32*j + 1301. Calculate n(-40).
21
Let n(d) = 8*d**2 - 48*d + 69. Determine n(2).
5
Let y(i) = i**2 - 11*i - 274. Determine y(-12).
2
Let b(j) = j**3 - 22*j**2 - 23*j + 507. Determine b(22).
1
Let b(g) = 11*g**3 - 3*g**2 + 8*g - 13. What is b(2)?
79
Let t(m) = -9*m - 59. Give t(-7).
4
Let n(a) = 16*a**3 + 10*a**2 + 25*a - 80. Determine n(2).
138
Let l(b) = -370*b**2 - 6*b - 3. Determine l(-1).
-367
Let f(k) = k**2 + 78*k + 430. Calculate f(-64).
-466
Let v(s) = s**2 + 46*s - 1675. Give v(24).
5
Let u(d) = d**3 + 4*d**2 - 21*d - 113. Determine u(-8).
-201
Let l(j) = -2*j**3 + 33*j**2 - 18*j + 53. What is l(16)?
21
Let t(u) = 1320*u - 23765. Determine t(18).
-5
Let x(j) = -3*j + 7. Calculate x(5).
-8
Let h(t) = -1105*t - 6616. Determine h(-6).
14
Let p(o) = -28*o + 317. What is p(2)?
261
Let g(k) = -85*k - 259. Determine g(-4).
81
Let z(s) = 22*s**2 - 83*s + 13. Give z(4).
33
Let c(f) = 29*f**2 - 13*f - 2. What is c(-4)?
514
Let g(z) = -z**2 - 34*z - 173. Calculate g(-20).
107
Let g(u) = -4408*u - 22040. Calculate g(-5).
0
Let z(n) = n**2 + 38*n + 159. Determine z(-4).
23
Let b(s) = 2*s - 15. Determine b(-2).
-19
Let k(x) = -5*x**3 + 18*x**2 + 218*x + 6. Calculate k(-5).
-9
Let f(z) = -11*z - 1126. What is f(-80)?
-246
Let w(m) = -2*m**3 - 28*m**2 - 9*m - 118. Calculate w(-14).
8
Let y(u) = u**3 - 26*u**2 + 15*u + 774. What is y(24)?
-18
Let p(o) = 5*o**3 - 4*o**2 + 7*o + 2. Calculate p(3).
122
Let k(x) = 19*x - 423. Give k(25).
52
Let j(b) = -1479*b - 2957. Calculate j(-2).
1
Let o(z) = 101*z**2 - 164*z + 2. Determine o(2).
78
Let n(g) = -g**2 + 649*g - 26. Give n(0).
-26
Let a(f) = f**3 - 34*f**2 - 31*f - 128. Calculate a(35).
12
Let a(z) = -4*z**2 + 35*z + 10. Give a(12).
-146
Let q(u) = 2*u**2 - 2*u - 3787. Determine q(44).
-3
Let s(f) = 62*f - 122. Calculate s(4).
126
Let z(l) = 11*l**2 + 178*l + 45. What is z(-16)?
13
Let n(z) = z**3 - 10*z**2 + 227*z - 2261. Determine n(10).
9
Let i(k) = -2*k**2 - 298*k - 2510. What is i(-9)?
10
Let o(w) = 6*w - 16. Give o(14).
68
Let u(r) = r**2 + 102*r - 2434. Give u(20).
6
Let s(a) = -3*a**2 + 72*a - 229. What is s(20)?
11
Let j(x) = -x**2 - 49*x - 628. Calculate j(-26).
-30
Let r(q) = -37*q**2 + 2295*q + 20. Give r(62).
82
Let q(d) = d + 79. What is q(13)?
92
Let a(u) = -11*u + 20. Calculate a(1).
9
Let u(s) = 160*s + 872. What is u(-6)?
-88
Let v(c) = 3*c**3 - 25*c**2 + 25*c + 24. Calculate v(7).
3
Let n(v) = 1546*v + 18560. What is n(-12)?
8
Let p(o) = 6*o**2 + 94*o - 834. Calculate p(-22).
2
Let k(n) = 13056*n + 65277. What is k(-5)?
-3
Let n(r) = r**2 + 45*r + 41. Determine n(-44).
-3
Let j(i) = -i**3 + 14*i**2 - 354*i + 1832. Calculate j(6).
-4
Let r(i) = -75*i**2 + 685*i - 103. Determine r(9).
-13
Let a(h) = 2*h**2 - 5*h - 58. What is a(-7)?
75
Let z(g) = 6*g**2 + 7*g + 173. Determine z(-8).
501
Let m(p) = p**3 + 7*p**2 - 24*p - 30. What is m(-9)?
24
Let m(g) = -g**2 + 346*g + 654